{"id":5012,"date":"2022-07-10T15:29:26","date_gmt":"2022-07-10T13:29:26","guid":{"rendered":"https:\/\/foodforestinstitute.com\/?post_type=product&#038;p=5012"},"modified":"2025-07-30T19:14:49","modified_gmt":"2025-07-30T17:14:49","slug":"opleiding-1-persoon-prive-tiny-cabin","status":"publish","type":"product","link":"https:\/\/foodforestinstitute.com\/dutch\/product\/opleiding-1-persoon-prive-tiny-cabin\/","title":{"rendered":"FFDC 1 persoon: priv\u00e9 tiny cabin"},"content":{"rendered":"<p>Voedselbos ontwerp opleiding inclusief:<\/p>\n<ul>\n<li>Slaapplaats in priv\u00e9 tiny cabin\n<ul>\n<li>Priv\u00e9 tiny cabin: simpele &#8220;tuin&#8221; kamer met uitzicht op de tuin<\/li>\n<li>Slaapplaats in priv\u00e9 tiny cabin\n<ul>\n<li>Aankomst maandag 15 juni 2026, vertrek zaterdag 20 juni 2026<\/li>\n<li>Toilet in gebouw (op ca. 20 meter)<\/li>\n<li>Warme douche in hoofdgebouw (op ca. 20 meter)<\/li>\n<\/ul>\n<\/li>\n<\/ul>\n<\/li>\n<li>Eten\n<ul>\n<li>Vol pension:<\/li>\n<li>5 dagen bio ontbijt, lunch en avondmaal bereid door professionele chefs<\/li>\n<li>Het eten is plantaardig.<\/li>\n<\/ul>\n<\/li>\n<li>Drank\n<ul>\n<li>Bier, wijn en non-alcoholisch<\/li>\n<li>Bio<\/li>\n<\/ul>\n<\/li>\n<li>Opleiding<\/li>\n<li>Papieren cursus<\/li>\n<\/ul>\n<p>&nbsp;<\/p>\n<p>FFDC 1 persoon priv\u00e9 tiny cabin<br \/>\nHet gaat om een houten cabin, met uitzicht op de prachtige Viroin Vallei. De cabin maakt deel uit van een buitengebouw, douche is in het hoofdgebouw.<\/p>\n<p><a href=\"https:\/\/foodforestinstitute.com\/wp-content\/uploads\/2021\/06\/Algemene-voorwaarden-v2.pdf\" target=\"_blank\" rel=\"noopener\">Algemene voorwaarden<\/a>: Geen annulatie meer mogelijk na de aankoop<\/p>\n","protected":false},"excerpt":{"rendered":"<p>Voedselbos ontwerp opleiding inclusief: Slaapplaats in priv\u00e9 tiny cabin Priv\u00e9 tiny cabin: simpele &#8220;tuin&#8221; kamer met uitzicht op de tuin Slaapplaats in priv\u00e9 tiny cabin Aankomst maandag 15 juni 2026, vertrek zaterdag 20 juni 2026 Toilet in gebouw (op ca. 20 meter) Warme douche in hoofdgebouw (op ca. 20 meter) Eten Vol pension: 5 dagen [&hellip;]<\/p>\n","protected":false},"featured_media":6657,"comment_status":"closed","ping_status":"closed","template":"","meta":[],"product_brand":[],"product_cat":[154,232],"product_tag":[230],"class_list":{"0":"post-5012","1":"product","2":"type-product","3":"status-publish","4":"has-post-thumbnail","6":"product_cat-opleiding","7":"product_cat-voedselbos","8":"product_tag-voedselbos","10":"first","11":"instock","12":"virtual","13":"purchasable","14":"product-type-simple"},"_links":{"self":[{"href":"https:\/\/foodforestinstitute.com\/dutch\/wp-json\/wp\/v2\/product\/5012","targetHints":{"allow":["GET"]}}],"collection":[{"href":"https:\/\/foodforestinstitute.com\/dutch\/wp-json\/wp\/v2\/product"}],"about":[{"href":"https:\/\/foodforestinstitute.com\/dutch\/wp-json\/wp\/v2\/types\/product"}],"replies":[{"embeddable":true,"href":"https:\/\/foodforestinstitute.com\/dutch\/wp-json\/wp\/v2\/comments?post=5012"}],"wp:featuredmedia":[{"embeddable":true,"href":"https:\/\/foodforestinstitute.com\/dutch\/wp-json\/wp\/v2\/media\/6657"}],"wp:attachment":[{"href":"https:\/\/foodforestinstitute.com\/dutch\/wp-json\/wp\/v2\/media?parent=5012"}],"wp:term":[{"taxonomy":"product_brand","embeddable":true,"href":"https:\/\/foodforestinstitute.com\/dutch\/wp-json\/wp\/v2\/product_brand?post=5012"},{"taxonomy":"product_cat","embeddable":true,"href":"https:\/\/foodforestinstitute.com\/dutch\/wp-json\/wp\/v2\/product_cat?post=5012"},{"taxonomy":"product_tag","embeddable":true,"href":"https:\/\/foodforestinstitute.com\/dutch\/wp-json\/wp\/v2\/product_tag?post=5012"}],"curies":[{"name":"wp","href":"https:\/\/api.w.org\/{rel}","templated":true}]}}